{"id":9252,"date":"2024-03-24T10:33:31","date_gmt":"2024-03-24T09:33:31","guid":{"rendered":"https:\/\/www.kartoniaki.pl\/?post_type=product&#038;p=9252"},"modified":"2026-04-20T21:49:15","modified_gmt":"2026-04-20T19:49:15","slug":"3zestawy-afryka-ptaszki-farma","status":"publish","type":"product","link":"https:\/\/www.kartoniaki.pl\/?product=3zestawy-afryka-ptaszki-farma","title":{"rendered":"3 zestawy: Afryka, Ptaszki i Farma"},"content":{"rendered":"<p><strong>Zestaw Afryka:<\/strong><br \/>\nW zestawie znajdziesz 4 zwierz\u0105tka do z\u0142o\u017cenia i pomalowania:<\/p>\n<ul>\n<li>S\u0142onia<\/li>\n<li>Lwa<\/li>\n<li>Hipopotama<\/li>\n<li>Krokodyla<\/li>\n<\/ul>\n<p>W zestawie do\u0142\u0105czone s\u0105 <strong>trzy ogonki oraz nalepki z oczkami<\/strong> dla ka\u017cdego zwierz\u0105tka. Wewn\u0119trzna strona opakowania zawiera <strong>bardzo szczeg\u00f3\u0142ow\u0105<\/strong> obrazkow\u0105 instrukcj\u0119 sk\u0142adania.<\/p>\n<p><strong>Zestaw Ptaszki:<\/strong><br \/>\nW zestawie znajdziesz 4 zwierz\u0105tka do z\u0142o\u017cenia i pomalowania:<\/p>\n<ul>\n<li>Pawia<\/li>\n<li>Sow\u0119<\/li>\n<li>Papug\u0119<\/li>\n<li>Sikork\u0119<\/li>\n<\/ul>\n<p>W zestawie do\u0142\u0105czone s\u0105 <strong>nalepki z oczkami<\/strong> dla ka\u017cdego zwierz\u0105tka. Wewn\u0119trzna strona opakowania zawiera<strong> bardzo szczeg\u00f3\u0142ow\u0105<\/strong> obrazkow\u0105 instrukcj\u0119 sk\u0142adania.<\/p>\n<p><strong>Zestaw Farma:<\/strong><br \/>\nW zestawie znajdziesz 4 zwierz\u0105tka do z\u0142o\u017cenia i pomalowania:<\/p>\n<ul>\n<li>\u015awink\u0119<\/li>\n<li>Kur\u0119<\/li>\n<li>Kr\u00f3lika<\/li>\n<li>Myszk\u0119<\/li>\n<\/ul>\n<p>W zestawie do\u0142\u0105czone s\u0105 <strong>dwa ogonki oraz nalepki z oczkami<\/strong> dla ka\u017cdego zwierz\u0105tka. Wewn\u0119trzna strona opakowania zawiera<strong> bardzo szczeg\u00f3\u0142ow\u0105<\/strong> obrazkow\u0105 instrukcj\u0119 sk\u0142adania.<\/p>\n","protected":false},"excerpt":{"rendered":"<p>Trzy zestawy w jednej paczce: Afryka, Ptaszki i Farma.<\/p>\n","protected":false},"featured_media":9251,"template":"","meta":[],"product_brand":[],"product_cat":[15],"product_tag":[],"class_list":{"0":"post-9252","1":"product","2":"type-product","3":"status-publish","4":"has-post-thumbnail","6":"product_cat-uncategorized","8":"first","9":"instock","10":"taxable","11":"shipping-taxable","12":"purchasable","13":"product-type-simple"},"yoast_head":"<!-- This site is optimized with the Yoast SEO plugin v27.5 - https:\/\/yoast.com\/product\/yoast-seo-wordpress\/ -->\n<title>3 zestawy: Afryka, Ptaszki i Farma - Kartoniaki<\/title>\n<meta name=\"description\" content=\"W zestawie znajdziesz 5 zwierz\u0105tek do z\u0142o\u017cenia i pomalowania. S\u0105 wyci\u0119te i przygotowane tak aby nie by\u0142y potrzebne dodatkowe akcesoria.\" \/>\n<meta name=\"robots\" content=\"index, follow, max-snippet:-1, max-image-preview:large, max-video-preview:-1\" \/>\n<link rel=\"canonical\" href=\"https:\/\/www.kartoniaki.pl\/?product=3zestawy-afryka-ptaszki-farma\" \/>\n<meta property=\"og:locale\" content=\"pl_PL\" \/>\n<meta property=\"og:type\" content=\"article\" \/>\n<meta property=\"og:title\" content=\"3 zestawy: Afryka, Ptaszki i Farma - Kartoniaki\" \/>\n<meta property=\"og:description\" content=\"W zestawie znajdziesz 5 zwierz\u0105tek do z\u0142o\u017cenia i pomalowania. S\u0105 wyci\u0119te i przygotowane tak aby nie by\u0142y potrzebne dodatkowe akcesoria.\" \/>\n<meta property=\"og:url\" content=\"https:\/\/www.kartoniaki.pl\/?product=3zestawy-afryka-ptaszki-farma\" \/>\n<meta property=\"og:site_name\" content=\"Kartoniaki\" \/>\n<meta property=\"article:modified_time\" content=\"2026-04-20T19:49:15+00:00\" \/>\n<meta property=\"og:image\" content=\"https:\/\/www.kartoniaki.pl\/wordpress\/wp-content\/uploads\/2024\/03\/3zestawy_afryka_ptaszki_farma.jpg\" \/>\n\t<meta property=\"og:image:width\" content=\"800\" \/>\n\t<meta property=\"og:image:height\" content=\"800\" \/>\n\t<meta property=\"og:image:type\" content=\"image\/jpeg\" \/>\n<meta name=\"twitter:card\" content=\"summary_large_image\" \/>\n<meta name=\"twitter:label1\" content=\"Szacowany czas czytania\" \/>\n\t<meta name=\"twitter:data1\" content=\"1 minuta\" \/>\n<script type=\"application\/ld+json\" class=\"yoast-schema-graph\">{\"@context\":\"https:\\\/\\\/schema.org\",\"@graph\":[{\"@type\":\"WebPage\",\"@id\":\"https:\\\/\\\/www.kartoniaki.pl\\\/?product=3zestawy-afryka-ptaszki-farma\",\"url\":\"https:\\\/\\\/www.kartoniaki.pl\\\/?product=3zestawy-afryka-ptaszki-farma\",\"name\":\"3 zestawy: Afryka, Ptaszki i Farma - Kartoniaki\",\"isPartOf\":{\"@id\":\"https:\\\/\\\/www.kartoniaki.pl\\\/#website\"},\"primaryImageOfPage\":{\"@id\":\"https:\\\/\\\/www.kartoniaki.pl\\\/?product=3zestawy-afryka-ptaszki-farma#primaryimage\"},\"image\":{\"@id\":\"https:\\\/\\\/www.kartoniaki.pl\\\/?product=3zestawy-afryka-ptaszki-farma#primaryimage\"},\"thumbnailUrl\":\"https:\\\/\\\/www.kartoniaki.pl\\\/wordpress\\\/wp-content\\\/uploads\\\/2024\\\/03\\\/3zestawy_afryka_ptaszki_farma.jpg\",\"datePublished\":\"2024-03-24T09:33:31+00:00\",\"dateModified\":\"2026-04-20T19:49:15+00:00\",\"description\":\"W zestawie znajdziesz 5 zwierz\u0105tek do z\u0142o\u017cenia i pomalowania. S\u0105 wyci\u0119te i przygotowane tak aby nie by\u0142y potrzebne dodatkowe akcesoria.\",\"breadcrumb\":{\"@id\":\"https:\\\/\\\/www.kartoniaki.pl\\\/?product=3zestawy-afryka-ptaszki-farma#breadcrumb\"},\"inLanguage\":\"pl-PL\",\"potentialAction\":[{\"@type\":\"ReadAction\",\"target\":[\"https:\\\/\\\/www.kartoniaki.pl\\\/?product=3zestawy-afryka-ptaszki-farma\"]}]},{\"@type\":\"ImageObject\",\"inLanguage\":\"pl-PL\",\"@id\":\"https:\\\/\\\/www.kartoniaki.pl\\\/?product=3zestawy-afryka-ptaszki-farma#primaryimage\",\"url\":\"https:\\\/\\\/www.kartoniaki.pl\\\/wordpress\\\/wp-content\\\/uploads\\\/2024\\\/03\\\/3zestawy_afryka_ptaszki_farma.jpg\",\"contentUrl\":\"https:\\\/\\\/www.kartoniaki.pl\\\/wordpress\\\/wp-content\\\/uploads\\\/2024\\\/03\\\/3zestawy_afryka_ptaszki_farma.jpg\",\"width\":800,\"height\":800},{\"@type\":\"BreadcrumbList\",\"@id\":\"https:\\\/\\\/www.kartoniaki.pl\\\/?product=3zestawy-afryka-ptaszki-farma#breadcrumb\",\"itemListElement\":[{\"@type\":\"ListItem\",\"position\":1,\"name\":\"Strona g\u0142\u00f3wna\",\"item\":\"https:\\\/\\\/www.kartoniaki.pl\\\/\"},{\"@type\":\"ListItem\",\"position\":2,\"name\":\"Nasze zestawy\",\"item\":\"https:\\\/\\\/www.kartoniaki.pl\\\/?page_id=896\"},{\"@type\":\"ListItem\",\"position\":3,\"name\":\"3 zestawy: Afryka, Ptaszki i Farma\"}]},{\"@type\":\"WebSite\",\"@id\":\"https:\\\/\\\/www.kartoniaki.pl\\\/#website\",\"url\":\"https:\\\/\\\/www.kartoniaki.pl\\\/\",\"name\":\"Kartoniaki\",\"description\":\"Kreatywnie i tw\u00f3rczo? Z Kartoniakami to mo\u017cliwe!\",\"publisher\":{\"@id\":\"https:\\\/\\\/www.kartoniaki.pl\\\/#organization\"},\"potentialAction\":[{\"@type\":\"SearchAction\",\"target\":{\"@type\":\"EntryPoint\",\"urlTemplate\":\"https:\\\/\\\/www.kartoniaki.pl\\\/?s={search_term_string}\"},\"query-input\":{\"@type\":\"PropertyValueSpecification\",\"valueRequired\":true,\"valueName\":\"search_term_string\"}}],\"inLanguage\":\"pl-PL\"},{\"@type\":\"Organization\",\"@id\":\"https:\\\/\\\/www.kartoniaki.pl\\\/#organization\",\"name\":\"Kartoniaki\",\"url\":\"https:\\\/\\\/www.kartoniaki.pl\\\/\",\"logo\":{\"@type\":\"ImageObject\",\"inLanguage\":\"pl-PL\",\"@id\":\"https:\\\/\\\/www.kartoniaki.pl\\\/#\\\/schema\\\/logo\\\/image\\\/\",\"url\":\"https:\\\/\\\/www.kartoniaki.pl\\\/wordpress\\\/wp-content\\\/uploads\\\/2020\\\/07\\\/cropped-kartoniaki_logo-1.png\",\"contentUrl\":\"https:\\\/\\\/www.kartoniaki.pl\\\/wordpress\\\/wp-content\\\/uploads\\\/2020\\\/07\\\/cropped-kartoniaki_logo-1.png\",\"width\":535,\"height\":185,\"caption\":\"Kartoniaki\"},\"image\":{\"@id\":\"https:\\\/\\\/www.kartoniaki.pl\\\/#\\\/schema\\\/logo\\\/image\\\/\"}}]}<\/script>\n<!-- \/ Yoast SEO plugin. -->","yoast_head_json":{"title":"3 zestawy: Afryka, Ptaszki i Farma - Kartoniaki","description":"W zestawie znajdziesz 5 zwierz\u0105tek do z\u0142o\u017cenia i pomalowania. S\u0105 wyci\u0119te i przygotowane tak aby nie by\u0142y potrzebne dodatkowe akcesoria.","robots":{"index":"index","follow":"follow","max-snippet":"max-snippet:-1","max-image-preview":"max-image-preview:large","max-video-preview":"max-video-preview:-1"},"canonical":"https:\/\/www.kartoniaki.pl\/?product=3zestawy-afryka-ptaszki-farma","og_locale":"pl_PL","og_type":"article","og_title":"3 zestawy: Afryka, Ptaszki i Farma - Kartoniaki","og_description":"W zestawie znajdziesz 5 zwierz\u0105tek do z\u0142o\u017cenia i pomalowania. S\u0105 wyci\u0119te i przygotowane tak aby nie by\u0142y potrzebne dodatkowe akcesoria.","og_url":"https:\/\/www.kartoniaki.pl\/?product=3zestawy-afryka-ptaszki-farma","og_site_name":"Kartoniaki","article_modified_time":"2026-04-20T19:49:15+00:00","og_image":[{"width":800,"height":800,"url":"https:\/\/www.kartoniaki.pl\/wordpress\/wp-content\/uploads\/2024\/03\/3zestawy_afryka_ptaszki_farma.jpg","type":"image\/jpeg"}],"twitter_card":"summary_large_image","twitter_misc":{"Szacowany czas czytania":"1 minuta"},"schema":{"@context":"https:\/\/schema.org","@graph":[{"@type":"WebPage","@id":"https:\/\/www.kartoniaki.pl\/?product=3zestawy-afryka-ptaszki-farma","url":"https:\/\/www.kartoniaki.pl\/?product=3zestawy-afryka-ptaszki-farma","name":"3 zestawy: Afryka, Ptaszki i Farma - Kartoniaki","isPartOf":{"@id":"https:\/\/www.kartoniaki.pl\/#website"},"primaryImageOfPage":{"@id":"https:\/\/www.kartoniaki.pl\/?product=3zestawy-afryka-ptaszki-farma#primaryimage"},"image":{"@id":"https:\/\/www.kartoniaki.pl\/?product=3zestawy-afryka-ptaszki-farma#primaryimage"},"thumbnailUrl":"https:\/\/www.kartoniaki.pl\/wordpress\/wp-content\/uploads\/2024\/03\/3zestawy_afryka_ptaszki_farma.jpg","datePublished":"2024-03-24T09:33:31+00:00","dateModified":"2026-04-20T19:49:15+00:00","description":"W zestawie znajdziesz 5 zwierz\u0105tek do z\u0142o\u017cenia i pomalowania. S\u0105 wyci\u0119te i przygotowane tak aby nie by\u0142y potrzebne dodatkowe akcesoria.","breadcrumb":{"@id":"https:\/\/www.kartoniaki.pl\/?product=3zestawy-afryka-ptaszki-farma#breadcrumb"},"inLanguage":"pl-PL","potentialAction":[{"@type":"ReadAction","target":["https:\/\/www.kartoniaki.pl\/?product=3zestawy-afryka-ptaszki-farma"]}]},{"@type":"ImageObject","inLanguage":"pl-PL","@id":"https:\/\/www.kartoniaki.pl\/?product=3zestawy-afryka-ptaszki-farma#primaryimage","url":"https:\/\/www.kartoniaki.pl\/wordpress\/wp-content\/uploads\/2024\/03\/3zestawy_afryka_ptaszki_farma.jpg","contentUrl":"https:\/\/www.kartoniaki.pl\/wordpress\/wp-content\/uploads\/2024\/03\/3zestawy_afryka_ptaszki_farma.jpg","width":800,"height":800},{"@type":"BreadcrumbList","@id":"https:\/\/www.kartoniaki.pl\/?product=3zestawy-afryka-ptaszki-farma#breadcrumb","itemListElement":[{"@type":"ListItem","position":1,"name":"Strona g\u0142\u00f3wna","item":"https:\/\/www.kartoniaki.pl\/"},{"@type":"ListItem","position":2,"name":"Nasze zestawy","item":"https:\/\/www.kartoniaki.pl\/?page_id=896"},{"@type":"ListItem","position":3,"name":"3 zestawy: Afryka, Ptaszki i Farma"}]},{"@type":"WebSite","@id":"https:\/\/www.kartoniaki.pl\/#website","url":"https:\/\/www.kartoniaki.pl\/","name":"Kartoniaki","description":"Kreatywnie i tw\u00f3rczo? Z Kartoniakami to mo\u017cliwe!","publisher":{"@id":"https:\/\/www.kartoniaki.pl\/#organization"},"potentialAction":[{"@type":"SearchAction","target":{"@type":"EntryPoint","urlTemplate":"https:\/\/www.kartoniaki.pl\/?s={search_term_string}"},"query-input":{"@type":"PropertyValueSpecification","valueRequired":true,"valueName":"search_term_string"}}],"inLanguage":"pl-PL"},{"@type":"Organization","@id":"https:\/\/www.kartoniaki.pl\/#organization","name":"Kartoniaki","url":"https:\/\/www.kartoniaki.pl\/","logo":{"@type":"ImageObject","inLanguage":"pl-PL","@id":"https:\/\/www.kartoniaki.pl\/#\/schema\/logo\/image\/","url":"https:\/\/www.kartoniaki.pl\/wordpress\/wp-content\/uploads\/2020\/07\/cropped-kartoniaki_logo-1.png","contentUrl":"https:\/\/www.kartoniaki.pl\/wordpress\/wp-content\/uploads\/2020\/07\/cropped-kartoniaki_logo-1.png","width":535,"height":185,"caption":"Kartoniaki"},"image":{"@id":"https:\/\/www.kartoniaki.pl\/#\/schema\/logo\/image\/"}}]}},"_links":{"self":[{"href":"https:\/\/www.kartoniaki.pl\/index.php?rest_route=\/wp\/v2\/product\/9252","targetHints":{"allow":["GET"]}}],"collection":[{"href":"https:\/\/www.kartoniaki.pl\/index.php?rest_route=\/wp\/v2\/product"}],"about":[{"href":"https:\/\/www.kartoniaki.pl\/index.php?rest_route=\/wp\/v2\/types\/product"}],"wp:featuredmedia":[{"embeddable":true,"href":"https:\/\/www.kartoniaki.pl\/index.php?rest_route=\/wp\/v2\/media\/9251"}],"wp:attachment":[{"href":"https:\/\/www.kartoniaki.pl\/index.php?rest_route=%2Fwp%2Fv2%2Fmedia&parent=9252"}],"wp:term":[{"taxonomy":"product_brand","embeddable":true,"href":"https:\/\/www.kartoniaki.pl\/index.php?rest_route=%2Fwp%2Fv2%2Fproduct_brand&post=9252"},{"taxonomy":"product_cat","embeddable":true,"href":"https:\/\/www.kartoniaki.pl\/index.php?rest_route=%2Fwp%2Fv2%2Fproduct_cat&post=9252"},{"taxonomy":"product_tag","embeddable":true,"href":"https:\/\/www.kartoniaki.pl\/index.php?rest_route=%2Fwp%2Fv2%2Fproduct_tag&post=9252"}],"curies":[{"name":"wp","href":"https:\/\/api.w.org\/{rel}","templated":true}]}}